me factors of r.
3, 61
Let h(b) = 39*b - 6. Let d be h(-2). Let n be -3*2/18*(-15 - d). Let a(c) = -c**2 - 35*c - 62. What are the prime factors of a(n)?
2, 107
List the prime factors of (12111/22)/((-1)/(-22)) + 2/1.
12113
Suppose -6*a = 3 - 21. Suppose m + 3*m = a*t - 1194, 4*m = t - 398. What are the prime factors of t?
2, 199
Let u be 10*(-3 + (98/(-4))/(-7)). Suppose u*p - 1655 = -4*k, -4*p + k = -159 - 1165. List the prime factors of p.
331
Let k = -9657 + 23626. List the prime factors of k.
61, 229
Suppose 5*g = 40066 + 48750 + 3334. What are the prime factors of g?
2, 5, 19, 97
Let t be (-161 - (-6 + 0))/(-1). Let h = 95 + t. List the prime factors of h.
2, 5
Suppose 14*k + k + 75 = 0. Let y(m) = 7*m**2 + 7*m + 8. List the prime factors of y(k).
2, 37
Suppose -196*m + 342650 = -18*m. What are the prime factors of m?
5, 7, 11
Let x(a) = -a + 5. Let n = -42 - -44. Let g be x(n). Suppose -5*k = -3*r - r - 459, -g*k - r + 272 = 0. List the prime factors of k.
7, 13
Let t(f) = 141*f + 52. Let j be t(2). Let s = j - -800. What are the prime factors of s?
2, 3, 7
Suppose -14 = -13*y - 1. What are the prime factors of (-122 - -9)*(-4 - 0)*y?
2, 113
Let c(l) = 5*l - 6. Let m be c(1). Let q be (-1 + (-6 - m))/(1 - 0). List the prime factors of (2 + (-9)/(-3))/(q/(-366)).
5, 61
Let t(l) be the third derivative of -l**6/40 + l**5/12 + l**4/24 - l**3 - 22*l**2. Let v be t(-4). Let b = v - 120. List the prime factors of b.
2, 71
Let a(r) = 20*r + 237. List the prime factors of a(67).
19, 83
Let u = -10171 + 22327. List the prime factors of u.
2, 3, 1013
Suppose -3*r + 2*x = 1411, x - 206 - 263 = r. Let j = 695 + r. Let f = -93 + j. List the prime factors of f.
3, 43
Let m = 144 + -348. Let u = m - -658. Suppose -896 = -4*w + 3*i + i, 2*w - u = 4*i. List the prime factors of w.
13, 17
Let v(q) = -20*q**3 + 3*q + 2. Let r be v(-2). Suppose 10*n - r = 7*n. Suppose 25 = 5*d, -2*d - n - 62 = -y. What are the prime factors of y?
2, 31
Suppose -4*d + 3*v = -29, 11*d - 2*v = 7*d + 26. Suppose 382 - 1767 = -d*a. List the prime factors of a.
277
Let z be (2/(-7))/(32/(-112)). Suppose -z = -w - 4*g + 3*g, 4*w + 3*g = 3. Suppose 5*b - 65 = i, 2*b - 2*i + 3*i - 33 = w. List the prime factors of b.
2, 7
Suppose -3*f = 4*r - 167481 + 15840, -10*r = f - 50521. What are the prime factors of f?
50551
Let x = -355 - -839. Let h = -412 + x. What are the prime factors of h?
2, 3
Suppose -3*c = 3*l - 30, 0 = -c - 13*l + 10*l. What are the prime factors of c*(-5 - (1 - 106/6))?
5, 7
Let s(v) = -167*v - 452. What are the prime factors of s(-10)?
2, 3, 7, 29
Suppose -o - 41 = -3*b, b + 95 = 6*b + 5*o. Let z be 20 - b - (5 - -1). List the prime factors of (5 - 8) + 51 + 1 + z.
2, 3
Suppose -2*u - w = -15807, 5*u + w + 3869 - 43385 = 0. What are the prime factors of u?
7, 1129
Suppose -11*s + 77 = -4*s. Suppose 10000 = -s*l + 27*l. What are the prime factors of l?
5
Let q = -8 + 3. Let i(x) be the second derivative of x**5/20 + 7*x**4/12 - 2*x**3/3 + 9*x**2/2 - 213*x - 1. What are the prime factors of i(q)?
79
Suppose -754 = -7*t + 205. Let l = t - -304. What are the prime factors of l?
3, 7
Suppose -15*c = 93*c - 51*c - 723273. List the prime factors of c.
12689
Let i = 98 - 94. Suppose -712 = -i*w - 4*u + 8*u, -5*w = u - 920. List the prime factors of w.
3, 61
Suppose -5*f = -5*i - 8*f - 2821, -i = 5*f + 573. Let q = 1145 + i. List the prime factors of q.
2, 3, 97
Suppose 2*v = -3*r + 44288, 37473 + 21551 = 4*r - 4*v. List the prime factors of r.
2, 3, 5, 41
Let g = 293 + 10109. What are the prime factors of g?
2, 7, 743
Suppose -4*n = -2*n + 2156. Let g = n + 1701. What are the prime factors of g?
7, 89
Suppose -4*w - 3*p - 14 = -50, -w - 2 = -2*p. Suppose 5*o - 4757 = -3*l, -o + l = w*l - 947. What are the prime factors of o?
2, 7, 17
Let r(q) = 3148*q - 1214. What are the prime factors of r(17)?
2, 3, 23, 379
Suppose 2003*n = 2024*n - 98595. What are the prime factors of n?
3, 5, 313
Let t = 7205 - -22175. What are the prime factors of t?
2, 5, 13, 113
Suppose -l - j + 2465 = -2603, -l + 2*j + 5077 = 0. What are the prime factors of l?
11, 461
Suppose 2*l = -4*q - 18, -4*l = 5*q - 0*l + 24. Let t be (-7)/((-14)/12)*392/q. Let i = t - -878. What are the prime factors of i?
2, 5, 29
Let h(c) = 11*c**2 + 15*c - 737. List the prime factors of h(44).
3, 11, 643
Let z = 151250 + -88213. List the prime factors of z.
13, 373
What are the prime factors of (-94265)/(-2) + 30 + 366/(-12)?
2, 11783
Let k be (-12 + 16)*163/(-4). Let d = -79 - k. Suppose -r + 3*r = 5*i + d, 4*r - 152 = 2*i. List the prime factors of r.
37
Suppose -8*o + 2*o = -102. Suppose 0 = -o*i + 2633 + 1056. List the prime factors of i.
7, 31
Let a = 1316 - 1074. List the prime factors of a.
2, 11
Let w(j) = 2*j**2 - 8. Let p = -5 - 25. Let x = p - -34. What are the prime factors of w(x)?
2, 3
Let w(p) = 26*p**3 - 59*p**2 - 26*p + 18. Let n(m) = -9*m**3 + 20*m**2 + 9*m - 7. Let t(l) = -11*n(l) - 4*w(l). What are the prime factors of t(-4)?
3, 11, 17
Let w be 1 + -4 + 276/4. Let p = 51 - w. Let a = 98 - p. List the prime factors of a.
113
Let g(f) = -37*f + 26. Let t be g(-5). Let m = t - 50. What are the prime factors of m?
7, 23
Let f = 259 - -168. Suppose r - 1755 = -5*h, -3*h + 4*r = -1480 + f. What are the prime factors of h?
3, 13
Let n(v) = -3*v - 487*v**2 + 2 + 775*v**2 + 4*v. What are the prime factors of n(1)?
3, 97
Suppose 2*w = 5*n - 131, -4*w + n - 192 = 5*n. List the prime factors of (12 - 9) + w/(-1).
2, 7
Let n(y) = y**3 - 20*y**2 - 12*y - 78. List the prime factors of n(21).
3, 37
Suppose 112*i + 78*i = 153*i + 1546193. List the prime factors of i.
11, 29, 131
Suppose 4*z = -6*c + c + 40992, 5*c = z + 41002. What are the prime factors of c?
2, 5, 41
Let h be 21 + 4 + -4 + 6. Suppose b - h = 139. List the prime factors of b.
2, 83
Let t(y) = -16*y - 13. Suppose r = 2*d + 6, -3*r + 0*d = -2*d - 34. Let z(a) = -a + 1. Let g be z(r). List the prime factors of t(g).
3, 5, 13
Suppose -2*b = -5*l - 14996, -30040 = -4*b + 6*l - 4*l. List the prime factors of b.
11, 683
Let r(t) = 7*t**3 - 18*t**2 - 15*t + 177. List the prime factors of r(11).
7151
What are the prime factors of 83340 - (-6 - 57/(-19))?
3, 13, 2137
Suppose l + l + 4*o - 30 = 0, 2*l = 2*o. Suppose -3*t + l*t = 26. Let g = 30 - t. What are the prime factors of g?
17
Suppose -7*s - 36 = -4*b - 3*s, 3*b = 2*s + 25. Suppose 5 = b*c - 2*c. What are the prime factors of 276/(15/5) - c?
7, 13
What are the prime factors of (-2)/10 + ((-78303834)/(-1620) - (-6)/(-4))?
2, 11, 13
Let g(m) be the first derivative of m**3/3 - 11*m**2/2 + 91*m - 11. List the prime factors of g(38).
1117
Let n be ((-5940)/25 - -2)*-5. Suppose -16 = -4*a, 4*a = -5*k - 447 + n. Suppose 0 = -3*o - 3, j - k = -j + 5*o. What are the prime factors of j?
3, 23
Suppose 4*l - 2515 = -c + 1433, 4*l + 4*c - 3960 = 0. What are the prime factors of l?
2, 17, 29
Suppose -10*s + 120 = -50. Suppose s*v + 2131 - 11549 = 0. List the prime factors of v.
2, 277
Let n(r) = r**2 + 31*r + 64. Let f be n(-2). Let z(l) = 0 + 3 - 21 + 9*l + 2*l**2. List the prime factors of z(f).
2, 3
Suppose 3*t = -2*y + 2*t + 2, 5*t = -2*y - 6. Let n(b) = 158*b**2 - 7*b + 12. List the prime factors of n(y).
2, 3, 5, 7
Let z(g) = -5*g**2 - 37*g + 29. Let v be z(-8). Suppose 7*n - 1400 = -v*w + 2*n, n = -2*w + 562. What are the prime factors of w?
2, 3, 47
Let o = -7097 - -17044. Suppose 0 = -21*k + o + 4921. What are the prime factors of k?
2, 3, 59
Let b(r) = r**3 + r + 90. Let j(s) = 4*s**2 - 3. Let i(k) = -5*k**2 + 4. Let w(o) = 3*i(o) + 4*j(o). Let u be w(0). List the prime factors of b(u).
2, 3, 5
What are the prime factors of ((-140868)/195)/(-2 - 216/(-110))?
2, 3, 7, 11, 43
Let z = 474 + 50. Suppose -g = 3*w - z, -5*w + 744 = -4*g + 2925. List the prime factors of g.
7, 11
Suppose 27*w + 10160 = 31*w - 2*o, 0 = 4*o + 24. List the prime factors of w.
43, 59
Let i(g) = -4*g + 25. Let o be ((20/6)/(2/3))/1. Let t be i(o). Suppose -10*p + 7*p + 543 = -4*b, -724 = -4*p - t*b. List the prime factors of p.
181
What are the prime factors of (-13)/(65/559060)*(-5)/20?
27953
Let k be ((-5)/(-2))/((-30)/(-72)). Suppose -k*a - 16 = -7*a. Suppose -11*y + a*y = 205. List the prime factors of y.
41
Let k be (42 + 0)